{"id":5297,"date":"2019-11-05T18:48:49","date_gmt":"2019-11-05T18:48:49","guid":{"rendered":"http:\/\/www.mcjb.org.br\/institucional\/?page_id=5297"},"modified":"2019-11-06T00:11:12","modified_gmt":"2019-11-06T00:11:12","slug":"normas-e-regras-projeto-comunitario-e-social-sos-venezuelanos-termo-de-contratacao-de-servicos","status":"publish","type":"page","link":"https:\/\/www.mcjb.org.br\/institucional\/normas-e-regras-projeto-comunitario-e-social-sos-venezuelanos-termo-de-contratacao-de-servicos\/","title":{"rendered":"Normas e Regras &#8211; Projeto Comunit\u00e1rio e Social &#8220;SOS VENEZUELANOS&#8221; &#8211; Termo de Contrata\u00e7\u00e3o de Servi\u00e7os"},"content":{"rendered":"\t\t<div data-elementor-type=\"wp-post\" data-elementor-id=\"5297\" class=\"elementor elementor-5297\" data-elementor-post-type=\"page\">\n\t\t\t\t\t\t<section class=\"elementor-section elementor-top-section elementor-element elementor-element-052c037 elementor-section-boxed elementor-section-height-default elementor-section-height-default\" data-id=\"052c037\" data-element_type=\"section\">\n\t\t\t\t\t\t<div class=\"elementor-container elementor-column-gap-default\">\n\t\t\t\t\t<div class=\"elementor-column elementor-col-100 elementor-top-column elementor-element elementor-element-700efa5\" data-id=\"700efa5\" data-element_type=\"column\">\n\t\t\t<div class=\"elementor-widget-wrap elementor-element-populated\">\n\t\t\t\t\t\t<div class=\"elementor-element elementor-element-0b33214 elementor-widget elementor-widget-text-editor\" data-id=\"0b33214\" data-element_type=\"widget\" data-widget_type=\"text-editor.default\">\n\t\t\t\t<div class=\"elementor-widget-container\">\n\t\t\t\t\t\t\t\t\t<p style=\"text-align: center;\"><span style=\"text-decoration: underline; color: #000000;\"><strong><span style=\"font-family: 'trebuchet ms', geneva, sans-serif; font-size: 18pt;\">Normas e Regras<\/span><\/strong><\/span><\/p><p style=\"text-align: center;\"><span style=\"text-decoration: underline;\"><span style=\"font-size: 14pt; color: #000000;\"><strong><span style=\"font-family: 'trebuchet ms', geneva, sans-serif;\">TERMO DE CONTRATA\u00c7\u00c3O DE SERVI\u00c7OS &#8211; PROJETO COMUNIT\u00c1RIO E SOCIAL &#8211; SOS VENEZUELANOS<\/span><\/strong><\/span><\/span><\/p>\t\t\t\t\t\t\t\t<\/div>\n\t\t\t\t<\/div>\n\t\t\t\t<section class=\"elementor-section elementor-inner-section elementor-element elementor-element-bac7ef9 elementor-section-boxed elementor-section-height-default elementor-section-height-default\" data-id=\"bac7ef9\" data-element_type=\"section\">\n\t\t\t\t\t\t<div class=\"elementor-container elementor-column-gap-default\">\n\t\t\t\t\t<div class=\"elementor-column elementor-col-50 elementor-inner-column elementor-element elementor-element-3d9c9c5\" data-id=\"3d9c9c5\" data-element_type=\"column\">\n\t\t\t<div class=\"elementor-widget-wrap elementor-element-populated\">\n\t\t\t\t\t\t<div class=\"elementor-element elementor-element-1ccb5fa elementor-widget elementor-widget-text-editor\" data-id=\"1ccb5fa\" data-element_type=\"widget\" data-widget_type=\"text-editor.default\">\n\t\t\t\t<div class=\"elementor-widget-container\">\n\t\t\t\t\t\t\t\t\t<p><span style=\"color: #000000;\"><b>MOVIMENTO COMUNIT\u00c1RIO DO JARDIM BOT\u00c2NICO<\/b><span style=\"font-weight: 400;\">, com sede na SHJB Etapa III Qd.1\u00a0 Lt. A, Pavimento Superior, Sala 9 &#8211; Jardim Bot\u00e2nico-DF, Bras\u00edlia-DF, CEP 71.681-005, inscrito no CNPJ sob o n\u00b0 23.583.083\/0001\u00ad94, adiante denominado <\/span><b>EMPREENDEDOR<\/b><span style=\"font-weight: 400;\">; e a pessoa identificada neste <\/span><b>Termo de Contrata\u00e7\u00e3o de Servi\u00e7os<\/b><span style=\"font-weight: 400;\">, sendo parte integrante deste, denominada <\/span><b>CONTRATANTE<\/b><span style=\"font-weight: 400;\">, e em conjunto denominadas <\/span><b>Partes<\/b><span style=\"font-weight: 400;\">. Resolvem firmar o presente <\/span><b>PARCERIA<\/b><span style=\"font-weight: 400;\">:<\/span><\/span><\/p><p><span style=\"color: #000000;\"><b>I &#8211; OBJETO<br \/><\/b><\/span><span style=\"font-weight: 400; color: #000000;\">O presente Termo tem por objeto estabelecer parceria entre as Partes, para participa\u00e7\u00e3o no projeto comunit\u00e1rio e social chamado \u201cSOS Venezuelanos\u201d, com integra\u00e7\u00e3o na plataforma online criada para contrata\u00e7\u00e3o de servi\u00e7o.<\/span><\/p><p><span style=\"color: #000000;\"><b>II \u2013 BENEFICI\u00c1RIOS<br \/><\/b><\/span><span style=\"color: #000000;\"><span style=\"font-weight: 400;\">S\u00e3o benefici\u00e1rios(as) deste <\/span><b>PARCERIA<\/b><span style=\"font-weight: 400;\"> todos os <\/span><b>CONTRATANTES<\/b><span style=\"font-weight: 400;\"> associados e\/ou parceiros do <\/span><b>EMPREENDEDOR<\/b><span style=\"font-weight: 400;\">, desde que se encontrem em dia com suas obriga\u00e7\u00f5es.<\/span><\/span><\/p><p><span style=\"color: #000000;\"><b>Par\u00e1grafo Primeiro<\/b><span style=\"font-weight: 400;\">: A contrata\u00e7\u00e3o dos profissionais CONTRATADOS para presta\u00e7\u00e3o de servi\u00e7os do <\/span><b>CONTRATANTE,<\/b><span style=\"font-weight: 400;\"> ocorrer\u00e1 por meio da plataforma digital do <\/span><b>EMPREENDEDOR<\/b><span style=\"font-weight: 400;\">, onde o <\/span><b>CONTRATADO<\/b><span style=\"font-weight: 400;\"> ser\u00e1 escolhido pelo <\/span><b>CONTRATANTE<\/b><span style=\"font-weight: 400;\">, conforme tipo de presta\u00e7\u00e3o de servi\u00e7o que precisar.<\/span><\/span><\/p><p><span style=\"color: #000000;\"><b>Par\u00e1grafo Segundo:<\/b><span style=\"font-weight: 400;\"> Os CONTRATADOS s\u00e3o apenas profissionais aut\u00f4nomos indicados pelo <\/span><b>EMPREENDEDOR<\/b><span style=\"font-weight: 400;\">, n\u00e3o sendo empregados do <\/span><b>EMPREENDEDOR<\/b><span style=\"font-weight: 400;\">.\u00a0<\/span><\/span><\/p><p><span style=\"color: #000000;\"><b>Par\u00e1grafo Terceiro:<\/b><span style=\"font-weight: 400;\"> O <\/span><b>CONTRATANTE <\/b><span style=\"font-weight: 400;\">se compromete a colaborar com o <\/span><b>EMPREENDEDOR<\/b><span style=\"font-weight: 400;\"> caso seja(m) implementada(s) ferramenta(s) de controle e acompanhamento gerencial dos desdobramentos gerados pela parceria que \u00e9 objeto deste Termo.<\/span><\/span><\/p><p><span style=\"color: #000000;\"><b>III\u00a0 &#8211; DOS PAGAMENTOS DE BENEFICI\u00c1RIOS<br \/><\/b><\/span><span style=\"color: #000000;\"><span style=\"font-weight: 400;\">Os pagamento pelos servi\u00e7os a serem executados pelo CONTRATADO ser\u00e3o feitos pelo <\/span><b>CONTRATANTE<\/b><span style=\"font-weight: 400;\">, atrav\u00e9s da mesma plataforma de contrata\u00e7\u00e3o criada pelo <\/span><b>EMPREENDEDOR<\/b><span style=\"font-weight: 400;\"> para divulgar os servi\u00e7os do CONTRATADO. O valor de cada di\u00e1ria ou servi\u00e7o espec\u00edfico ser\u00e3o descritos na plataforma.\u00a0<\/span><\/span><\/p><p><span style=\"color: #000000;\"><b>Par\u00e1grafo primeiro: <\/b><span style=\"font-weight: 400;\">Os pagamentos pelas di\u00e1rias s\u00e3o de responsabilidade \u00fanica e exclusiva do <\/span><b>CONTRATANTE<\/b><span style=\"font-weight: 400;\">, bem como o cumprimento de eventual Regimento Interno ou normas do projeto, isentando totalmente o <\/span><b>EMPREENDEDOR<\/b><span style=\"font-weight: 400;\"> de qualquer responsabilidade por eventual descumprimento ou inadimpl\u00eancia, a qualquer t\u00edtulo.<\/span><\/span><\/p><p><span style=\"color: #000000;\"><b>Par\u00e1grafo Segundo:<\/b><span style=\"font-weight: 400;\"> Os encargos com o pagamento das obriga\u00e7\u00f5es previdenci\u00e1rias n\u00e3o ser\u00e3o pagos pela <\/span><b>CONTRATANTE<\/b><span style=\"font-weight: 400;\">, por n\u00e3o constituir obriga\u00e7\u00e3o trabalhista, sendo que por mera liberalidade ser\u00e3o fornecidos aux\u00edlio transporte por dia efetivamente trabalhado.<\/span><\/span><\/p><p><span style=\"color: #000000;\"><b>Par\u00e1grafo Terceiro:<\/b><span style=\"font-weight: 400;\"> Nos casos que a presta\u00e7\u00e3o de servi\u00e7o envolver mais de uma di\u00e1ria, o(a) CONTRATANTE poder\u00e1 optar por receber todas as di\u00e1rias acumuladas ao final dos trabalhos.<\/span><\/span><\/p><p><span style=\"color: #000000;\"><b>Par\u00e1grafo Quarto:<\/b><span style=\"font-weight: 400;\"> Os pagamentos e ressarcimentos s\u00f3 poder\u00e3o ser realizadas mediante apresenta\u00e7\u00e3o de recibo da di\u00e1ria e do(s) relat\u00f3rio(s) previsto(<\/span><\/span><\/p><p><span style=\"color: #000000;\"><b>Par\u00e1grafo Quinto:<\/b><span style=\"font-weight: 400;\">.O <\/span><b>EMPREENDEDOR<\/b><span style=\"font-weight: 400;\"> n\u00e3o responder\u00e1 por qualquer preju\u00edzo oriundo de situa\u00e7\u00f5es de caso fortuito ou for\u00e7a maior, causados direta ou indireta<\/span><\/span><\/p>\t\t\t\t\t\t\t\t<\/div>\n\t\t\t\t<\/div>\n\t\t\t\t\t<\/div>\n\t\t<\/div>\n\t\t\t\t<div class=\"elementor-column elementor-col-50 elementor-inner-column elementor-element elementor-element-f26ee8c\" data-id=\"f26ee8c\" data-element_type=\"column\">\n\t\t\t<div class=\"elementor-widget-wrap elementor-element-populated\">\n\t\t\t\t\t\t<div class=\"elementor-element elementor-element-b1da5cb elementor-widget elementor-widget-text-editor\" data-id=\"b1da5cb\" data-element_type=\"widget\" data-widget_type=\"text-editor.default\">\n\t\t\t\t<div class=\"elementor-widget-container\">\n\t\t\t\t\t\t\t\t\t<p><span style=\"color: #000000;\"><b>IV \u2013\u00a0 DAS OBRIGA\u00c7\u00d5ES<br \/><\/b><b>a)<\/b><span style=\"font-weight: 400;\">Realizar o pagamento conforme disposto na cl\u00e1usula quinta deste contrato;<\/span><\/span><\/p><p><span style=\"color: #000000;\"><b>b<\/b><span style=\"font-weight: 400;\">)Receber eventuais relat\u00f3rio(s) do(s) trabalho(s), na forma e data(s) estabelecida(s);<\/span><\/span><\/p><p><span style=\"color: #000000;\"><b>c)<\/b><span style=\"font-weight: 400;\">Autorizar e estabelecer comunica\u00e7\u00e3o direta com os clientes e parceiros, estabelecendo transpar\u00eancia nas transa\u00e7\u00f5es com o(a) <\/span><b>CONTRATAD<\/b><span style=\"font-weight: 400;\">O(A);<\/span><\/span><\/p><p><span style=\"color: #000000;\"><b>d<\/b><span style=\"font-weight: 400;\">)Manter sigilo restrito acerca do contrato do presente <\/span><b>CONTRATO<\/b><span style=\"font-weight: 400;\">.<\/span><\/span><\/p><p><span style=\"color: #000000;\"><b>V &#8211; DO PRAZO<br \/><\/b><span style=\"font-weight: 400;\">O presente Termo vigorar\u00e1 por prazo indeterminado a partir da data de assinatura do <\/span><b>Termo de contrata\u00e7\u00e3o<\/b><span style=\"font-weight: 400;\">.<\/span><\/span><\/p><p><span style=\"color: #000000;\"><b>VI &#8211; DA RESCIS\u00c3O<br \/><\/b><span style=\"font-weight: 400;\">O presente instrumento poder\u00e1 ser rescindido de pleno direito, independentemente de qualquer notifica\u00e7\u00e3o judicial ou extrajudicial, caso ocorra descumprimento de suas cl\u00e1usulas ou condi\u00e7\u00f5es, por liquida\u00e7\u00e3o amig\u00e1vel ou judicial, concordata ou fal\u00eancia de qualquer das partes.\u00a0<\/span><\/span><\/p><p><span style=\"font-weight: 400; color: #000000;\">O presente contrato poder\u00e1 ser rescindido nos seguintes casos:<\/span><\/p><p><span style=\"color: #000000;\"><b>a)<\/b><span style=\"font-weight: 400;\">Por qualquer das partes, independentemente de qualquer direito ou indeniza\u00e7\u00e3o.<br \/><\/span><b>b)<\/b><span style=\"font-weight: 400;\">Pela CONTRATANTE, isoladamente, e independentemente de aviso, notifica\u00e7\u00e3o ou interpela\u00e7\u00e3o judicial ou extrajudicial, a qualquer tempo, se a CONTRATADO(A):<br \/><\/span><b>\u00a0 i)<\/b><span style=\"font-weight: 400;\">Descumprir qualquer das obriga\u00e7\u00f5es estipuladas no contrato.<br \/><\/span><b>\u00a0 ii)<\/b><span style=\"font-weight: 400;\">Transferir o contrato a terceiros, no todo ou em parte, sem aprova\u00e7\u00e3o expressa da CONTRATANTE.<\/span><\/span><\/p><p><span style=\"color: #000000;\"><b>VII &#8211; DAS DISPOSI\u00c7\u00d5ES GERAIS<br \/><\/b><b>a)<\/b> Qualquer toler\u00e2ncia das partes no cumprimento deste Termo n\u00e3o constituir\u00e1 nova\u00e7\u00e3o.\u00a0<br \/><b>b)<\/b> O <b>CONTRATANTE<\/b> \u00e9 respons\u00e1vel pela veracidade das informa\u00e7\u00f5es fornecidas e se obriga a manter sempre atualizados os seus dados cadastrais.<br \/><b>c)<\/b> O referido Termo de Contrata\u00e7\u00e3o n\u00e3o gera qualquer v\u00ednculo trabalhista entre o <b>CONTRATADO<\/b> e o <b>CONTRATANTE<\/b>, pois ambos s\u00e3o prestadores de servi\u00e7o, eximindo ainda o <b>EMPREENDEDOR<\/b> de qualquer responsabilidade sobre encargos de poss\u00edveis trabalhadores vinculados ao <b>CONTRATANTE<\/b>.<br \/><b>d<\/b>) O <b>CONTRATANTE<\/b> \u00e9 respons\u00e1vel por qualquer dano ou interfer\u00eancia causada durante\u00a0 presta\u00e7\u00e3o de servi\u00e7os, salvo comprovadamente em situa\u00e7\u00f5es de caso fortuito ou for\u00e7a maior, n\u00e3o podendo ser o <b>EMPREENDEDOR<\/b> responsabilizado por qualquer atitude do<b> CONTRATADO<\/b> ou de seus prepostos na presta\u00e7\u00e3o de servi\u00e7os objeto deste termo.<br \/><b>e)<\/b><span style=\"font-weight: 400;\">Cada uma das partes dever\u00e1 arcar com as obriga\u00e7\u00f5es e respectivos encargos civis, fiscais, trabalhistas e previdenci\u00e1rios incorridos para o cumprimento das respectivas obriga\u00e7\u00f5es neste CONTRATO;<\/span><\/span><\/p><p><span style=\"color: #000000;\"><b>VIII\u2013 DO FORO<br \/><\/b><span style=\"font-weight: 400;\">Tudo que for devido em raz\u00e3o deste Termo dever\u00e1 ser discutido judicialmente, no foro Bras\u00edlia-DF, com ren\u00fancia de qualquer outro, por mais privilegiado que seja.<\/span><\/span><\/p><p><span style=\"color: #000000;\"><b>MOVIMENTO COMUNIT\u00c1RIO DO JARDIM BOT\u00c2NICO<br \/><\/b><span style=\"font-weight: 400;\">Mais informa\u00e7\u00f5es: www.mcjb.org.br ou ligue (61) 3427-3038<\/span><\/span><\/p>\t\t\t\t\t\t\t\t<\/div>\n\t\t\t\t<\/div>\n\t\t\t\t\t<\/div>\n\t\t<\/div>\n\t\t\t\t\t<\/div>\n\t\t<\/section>\n\t\t\t\t\t<\/div>\n\t\t<\/div>\n\t\t\t\t\t<\/div>\n\t\t<\/section>\n\t\t\t\t<section class=\"elementor-section elementor-top-section elementor-element elementor-element-f9d8021 elementor-section-boxed elementor-section-height-default elementor-section-height-default\" data-id=\"f9d8021\" data-element_type=\"section\">\n\t\t\t\t\t\t<div class=\"elementor-container elementor-column-gap-default\">\n\t\t\t\t\t<div class=\"elementor-column elementor-col-100 elementor-top-column elementor-element elementor-element-f9733de\" data-id=\"f9733de\" data-element_type=\"column\">\n\t\t\t<div class=\"elementor-widget-wrap elementor-element-populated\">\n\t\t\t\t\t\t<div class=\"elementor-element elementor-element-a433df4 elementor-align-right elementor-widget elementor-widget-button\" data-id=\"a433df4\" data-element_type=\"widget\" data-widget_type=\"button.default\">\n\t\t\t\t<div class=\"elementor-widget-container\">\n\t\t\t\t\t\t\t\t\t<div class=\"elementor-button-wrapper\">\n\t\t\t\t\t<a class=\"elementor-button elementor-button-link elementor-size-sm\" href=\"http:\/\/www.mcjb.org.br\/institucional\/sos-venezuelanos\/\">\n\t\t\t\t\t\t<span class=\"elementor-button-content-wrapper\">\n\t\t\t\t\t\t<span class=\"elementor-button-icon\">\n\t\t\t\t<i aria-hidden=\"true\" class=\"far fa-hand-point-left\"><\/i>\t\t\t<\/span>\n\t\t\t\t\t\t\t\t\t<span class=\"elementor-button-text\">Voltar - Site SOS Venezuelanos<\/span>\n\t\t\t\t\t<\/span>\n\t\t\t\t\t<\/a>\n\t\t\t\t<\/div>\n\t\t\t\t\t\t\t\t<\/div>\n\t\t\t\t<\/div>\n\t\t\t\t\t<\/div>\n\t\t<\/div>\n\t\t\t\t\t<\/div>\n\t\t<\/section>\n\t\t\t\t<\/div>\n\t\t","protected":false},"excerpt":{"rendered":"<p>Normas e Regras TERMO DE CONTRATA\u00c7\u00c3O DE SERVI\u00c7OS &#8211; PROJETO COMUNIT\u00c1RIO E SOCIAL &#8211; SOS VENEZUELANOS MOVIMENTO COMUNIT\u00c1RIO DO JARDIM BOT\u00c2NICO, com sede na SHJB Etapa<span class=\"excerpt-hellip\"> [\u2026]<\/span><\/p>\n","protected":false},"author":1,"featured_media":0,"parent":0,"menu_order":0,"comment_status":"closed","ping_status":"closed","template":"","meta":{"footnotes":""},"class_list":["post-5297","page","type-page","status-publish","hentry"],"_links":{"self":[{"href":"https:\/\/www.mcjb.org.br\/institucional\/wp-json\/wp\/v2\/pages\/5297","targetHints":{"allow":["GET"]}}],"collection":[{"href":"https:\/\/www.mcjb.org.br\/institucional\/wp-json\/wp\/v2\/pages"}],"about":[{"href":"https:\/\/www.mcjb.org.br\/institucional\/wp-json\/wp\/v2\/types\/page"}],"author":[{"embeddable":true,"href":"https:\/\/www.mcjb.org.br\/institucional\/wp-json\/wp\/v2\/users\/1"}],"replies":[{"embeddable":true,"href":"https:\/\/www.mcjb.org.br\/institucional\/wp-json\/wp\/v2\/comments?post=5297"}],"version-history":[{"count":3,"href":"https:\/\/www.mcjb.org.br\/institucional\/wp-json\/wp\/v2\/pages\/5297\/revisions"}],"predecessor-version":[{"id":5301,"href":"https:\/\/www.mcjb.org.br\/institucional\/wp-json\/wp\/v2\/pages\/5297\/revisions\/5301"}],"wp:attachment":[{"href":"https:\/\/www.mcjb.org.br\/institucional\/wp-json\/wp\/v2\/media?parent=5297"}],"curies":[{"name":"wp","href":"https:\/\/api.w.org\/{rel}","templated":true}]}}