{"id":4465,"date":"2018-03-27T14:15:21","date_gmt":"2018-03-27T14:15:21","guid":{"rendered":"http:\/\/www.mcjb.org.br\/institucional\/?page_id=4465"},"modified":"2019-04-05T20:16:49","modified_gmt":"2019-04-05T20:16:49","slug":"diretoria-e-funcionarios","status":"publish","type":"page","link":"https:\/\/www.mcjb.org.br\/institucional\/diretoria-e-funcionarios\/","title":{"rendered":"Diretoria e Funcion\u00e1rios"},"content":{"rendered":"<p style=\"text-align: justify;\"><span style=\"font-family: 'trebuchet ms', geneva, sans-serif;\"><strong>Conselho de Administra\u00e7\u00e3o<\/strong><\/span><\/p>\n<table style=\"height: 196px; width: 383.26px;\">\n<tbody>\n<tr>\n<td style=\"width: 128px;\"><strong><span style=\"font-family: 'trebuchet ms', geneva, sans-serif;\">Presidente<\/span><\/strong><\/td>\n<td style=\"width: 245.26px; text-align: center;\"><span style=\"font-family: 'trebuchet ms', geneva, sans-serif;\">Rosilene Maria Marques Martins<\/span><\/td>\n<\/tr>\n<tr>\n<td style=\"width: 128px;\"><strong><span style=\"font-family: 'trebuchet ms', geneva, sans-serif;\">Vice Presidente<\/span><\/strong><\/td>\n<td style=\"width: 245.26px; text-align: center;\"><span style=\"font-family: 'trebuchet ms', geneva, sans-serif;\">Washington Rodrigues Lima<\/span><\/td>\n<\/tr>\n<tr>\n<td style=\"width: 128px;\"><strong><span style=\"font-family: 'trebuchet ms', geneva, sans-serif;\">Tesoureiro<\/span><\/strong><\/td>\n<td style=\"width: 245.26px; text-align: center;\"><span style=\"font-family: 'trebuchet ms', geneva, sans-serif;\">Antonio Daniel Monteiro Leite<\/span><\/td>\n<\/tr>\n<tr>\n<td style=\"width: 128px;\"><strong><span style=\"font-family: 'trebuchet ms', geneva, sans-serif;\">Secret\u00e1rio<\/span><\/strong><\/td>\n<td style=\"width: 245.26px; text-align: center;\"><span style=\"font-family: 'trebuchet ms', geneva, sans-serif;\">Ilton de Queiroz Junior<\/span><\/td>\n<\/tr>\n<tr>\n<td style=\"width: 128px;\"><strong><span style=\"font-family: 'trebuchet ms', geneva, sans-serif;\">Suplente<\/span><\/strong><\/td>\n<td style=\"width: 245.26px; text-align: center;\"><span style=\"font-family: 'trebuchet ms', geneva, sans-serif;\">Jos\u00e9 Ten\u00f3rio Bezerra Neto<\/span><\/td>\n<\/tr>\n<\/tbody>\n<\/table>\n<p style=\"text-align: justify;\"><span style=\"font-family: 'trebuchet ms', geneva, sans-serif;\"><strong><br \/>\nConselho Fiscal<\/strong><\/span><\/p>\n<table style=\"width: 330.823px;\">\n<tbody>\n<tr>\n<td style=\"width: 84px;\"><strong><span style=\"font-family: 'trebuchet ms', geneva, sans-serif;\">1\u00ba Titular<\/span><\/strong><\/td>\n<td style=\"width: 205.823px; text-align: center;\"><span style=\"font-family: 'trebuchet ms', geneva, sans-serif;\">Ricardo Felix Santana<\/span><\/td>\n<\/tr>\n<tr>\n<td style=\"width: 84px;\"><strong><span style=\"font-family: 'trebuchet ms', geneva, sans-serif;\">2\u00ba Titular<\/span><\/strong><\/td>\n<td style=\"width: 205.823px; text-align: center;\"><span style=\"font-family: 'trebuchet ms', geneva, sans-serif;\">Cintia Beatriz de Freitas Alves<\/span><\/td>\n<\/tr>\n<tr>\n<td style=\"width: 84px;\"><strong><span style=\"font-family: 'trebuchet ms', geneva, sans-serif;\">3\u00ba Titular<\/span><\/strong><\/td>\n<td style=\"width: 205.823px; text-align: center;\"><span style=\"font-family: 'trebuchet ms', geneva, sans-serif;\">Ednilson Paula Melo<\/span><\/td>\n<\/tr>\n<tr>\n<td style=\"width: 84px;\"><strong><span style=\"font-family: 'trebuchet ms', geneva, sans-serif;\">1\u00ba Suplente<\/span><\/strong><\/td>\n<td style=\"width: 205.823px; text-align: center;\"><span style=\"font-family: 'trebuchet ms', geneva, sans-serif;\">Sebasti\u00e3o Pereira Alves<\/span><\/td>\n<\/tr>\n<tr>\n<td style=\"width: 84px;\"><strong><span style=\"font-family: 'trebuchet ms', geneva, sans-serif;\">2\u00ba Suplente<\/span><\/strong><\/td>\n<td style=\"width: 205.823px; text-align: center;\"><span style=\"font-family: 'trebuchet ms', geneva, sans-serif;\">Maria Jos\u00e9 Feitosa de Andrade<\/span><\/td>\n<\/tr>\n<\/tbody>\n<\/table>\n","protected":false},"excerpt":{"rendered":"<p>Conselho de Administra\u00e7\u00e3o Presidente Rosilene Maria Marques Martins Vice Presidente Washington Rodrigues Lima Tesoureiro Antonio Daniel Monteiro Leite Secret\u00e1rio Ilton de Queiroz Junior Suplente Jos\u00e9 Ten\u00f3rio<span class=\"excerpt-hellip\"> [\u2026]<\/span><\/p>\n","protected":false},"author":2,"featured_media":4499,"parent":0,"menu_order":0,"comment_status":"closed","ping_status":"closed","template":"","meta":{"footnotes":""},"class_list":["post-4465","page","type-page","status-publish","has-post-thumbnail","hentry"],"_links":{"self":[{"href":"https:\/\/www.mcjb.org.br\/institucional\/wp-json\/wp\/v2\/pages\/4465","targetHints":{"allow":["GET"]}}],"collection":[{"href":"https:\/\/www.mcjb.org.br\/institucional\/wp-json\/wp\/v2\/pages"}],"about":[{"href":"https:\/\/www.mcjb.org.br\/institucional\/wp-json\/wp\/v2\/types\/page"}],"author":[{"embeddable":true,"href":"https:\/\/www.mcjb.org.br\/institucional\/wp-json\/wp\/v2\/users\/2"}],"replies":[{"embeddable":true,"href":"https:\/\/www.mcjb.org.br\/institucional\/wp-json\/wp\/v2\/comments?post=4465"}],"version-history":[{"count":3,"href":"https:\/\/www.mcjb.org.br\/institucional\/wp-json\/wp\/v2\/pages\/4465\/revisions"}],"predecessor-version":[{"id":4471,"href":"https:\/\/www.mcjb.org.br\/institucional\/wp-json\/wp\/v2\/pages\/4465\/revisions\/4471"}],"wp:featuredmedia":[{"embeddable":true,"href":"https:\/\/www.mcjb.org.br\/institucional\/wp-json\/wp\/v2\/media\/4499"}],"wp:attachment":[{"href":"https:\/\/www.mcjb.org.br\/institucional\/wp-json\/wp\/v2\/media?parent=4465"}],"curies":[{"name":"wp","href":"https:\/\/api.w.org\/{rel}","templated":true}]}}