{"id":4463,"date":"2018-03-27T14:14:26","date_gmt":"2018-03-27T14:14:26","guid":{"rendered":"http:\/\/www.mcjb.org.br\/institucional\/?page_id=4463"},"modified":"2025-04-08T10:58:16","modified_gmt":"2025-04-08T13:58:16","slug":"balancos-e-demonstracoes","status":"publish","type":"page","link":"https:\/\/www.mcjb.org.br\/institucional\/balancos-e-demonstracoes\/","title":{"rendered":"Balan\u00e7os e Demonstra\u00e7\u00f5es"},"content":{"rendered":"\t\t<div data-elementor-type=\"wp-post\" data-elementor-id=\"4463\" class=\"elementor elementor-4463\" data-elementor-post-type=\"page\">\n\t\t\t\t\t\t<section class=\"elementor-section elementor-top-section elementor-element elementor-element-7515bf2 elementor-section-boxed elementor-section-height-default elementor-section-height-default\" data-id=\"7515bf2\" data-element_type=\"section\">\n\t\t\t\t\t\t<div class=\"elementor-container elementor-column-gap-default\">\n\t\t\t\t\t<div class=\"elementor-column elementor-col-100 elementor-top-column elementor-element elementor-element-674c22a\" data-id=\"674c22a\" data-element_type=\"column\">\n\t\t\t<div class=\"elementor-widget-wrap elementor-element-populated\">\n\t\t\t\t\t\t<div class=\"elementor-element elementor-element-a49b757 elementor-widget elementor-widget-image\" data-id=\"a49b757\" data-element_type=\"widget\" data-widget_type=\"image.default\">\n\t\t\t\t<div class=\"elementor-widget-container\">\n\t\t\t\t\t\t\t\t\t\t\t\t\t\t\t<img decoding=\"async\" width=\"150\" height=\"150\" src=\"https:\/\/www.mcjb.org.br\/institucional\/wp-content\/uploads\/2018\/03\/Design-sem-nome-17-150x150.png\" class=\"attachment-thumbnail size-thumbnail wp-image-10730\" alt=\"\" srcset=\"https:\/\/www.mcjb.org.br\/institucional\/wp-content\/uploads\/2018\/03\/Design-sem-nome-17-150x150.png 150w, https:\/\/www.mcjb.org.br\/institucional\/wp-content\/uploads\/2018\/03\/Design-sem-nome-17-146x146.png 146w, https:\/\/www.mcjb.org.br\/institucional\/wp-content\/uploads\/2018\/03\/Design-sem-nome-17-50x50.png 50w, https:\/\/www.mcjb.org.br\/institucional\/wp-content\/uploads\/2018\/03\/Design-sem-nome-17-75x75.png 75w, https:\/\/www.mcjb.org.br\/institucional\/wp-content\/uploads\/2018\/03\/Design-sem-nome-17-85x85.png 85w, https:\/\/www.mcjb.org.br\/institucional\/wp-content\/uploads\/2018\/03\/Design-sem-nome-17-80x80.png 80w, https:\/\/www.mcjb.org.br\/institucional\/wp-content\/uploads\/2018\/03\/Design-sem-nome-17-100x100.png 100w, https:\/\/www.mcjb.org.br\/institucional\/wp-content\/uploads\/2018\/03\/Design-sem-nome-17.png 200w\" sizes=\"(max-width: 150px) 100vw, 150px\" \/>\t\t\t\t\t\t\t\t\t\t\t\t\t\t\t<\/div>\n\t\t\t\t<\/div>\n\t\t\t\t<div class=\"elementor-element elementor-element-3126859 elementor-widget elementor-widget-heading\" data-id=\"3126859\" data-element_type=\"widget\" data-widget_type=\"heading.default\">\n\t\t\t\t<div class=\"elementor-widget-container\">\n\t\t\t\t\t<h2 class=\"elementor-heading-title elementor-size-default\">BALAN\u00c7OS E DEMONSTRA\u00c7\u00d5ES<\/h2>\t\t\t\t<\/div>\n\t\t\t\t<\/div>\n\t\t\t\t<div class=\"elementor-element elementor-element-65421c6 elementor-widget elementor-widget-text-editor\" data-id=\"65421c6\" data-element_type=\"widget\" data-widget_type=\"text-editor.default\">\n\t\t\t\t<div class=\"elementor-widget-container\">\n\t\t\t\t\t\t\t\t\t<p data-start=\"218\" data-end=\"600\"><span style=\"font-family: verdana, geneva, sans-serif; font-size: 12pt; color: #000000;\">Nesta se\u00e7\u00e3o, voc\u00ea encontra os balan\u00e7os patrimoniais, demonstra\u00e7\u00f5es de resultado, relat\u00f3rios de receitas e despesas, al\u00e9m dos documentos cont\u00e1beis que asseguram a correta aplica\u00e7\u00e3o dos recursos p\u00fablicos e privados em nossos projetos.\u00a0<\/span><\/p>\t\t\t\t\t\t\t\t<\/div>\n\t\t\t\t<\/div>\n\t\t\t\t\t<\/div>\n\t\t<\/div>\n\t\t\t\t\t<\/div>\n\t\t<\/section>\n\t\t\t\t<section class=\"elementor-section elementor-top-section elementor-element elementor-element-2ce9f11d elementor-section-boxed elementor-section-height-default elementor-section-height-default\" data-id=\"2ce9f11d\" data-element_type=\"section\">\n\t\t\t\t\t\t<div class=\"elementor-container elementor-column-gap-default\">\n\t\t\t\t\t<div class=\"elementor-column elementor-col-100 elementor-top-column elementor-element elementor-element-2b784364\" data-id=\"2b784364\" data-element_type=\"column\">\n\t\t\t<div class=\"elementor-widget-wrap elementor-element-populated\">\n\t\t\t\t\t\t<div class=\"elementor-element elementor-element-ee65295 elementor-tabs-view-horizontal elementor-widget elementor-widget-tabs\" data-id=\"ee65295\" data-element_type=\"widget\" data-widget_type=\"tabs.default\">\n\t\t\t\t<div class=\"elementor-widget-container\">\n\t\t\t\t\t\t\t<div class=\"elementor-tabs\">\n\t\t\t<div class=\"elementor-tabs-wrapper\" role=\"tablist\" >\n\t\t\t\t\t\t\t\t\t<div id=\"elementor-tab-title-2491\" class=\"elementor-tab-title elementor-tab-desktop-title\" aria-selected=\"true\" data-tab=\"1\" role=\"tab\" tabindex=\"0\" aria-controls=\"elementor-tab-content-2491\" aria-expanded=\"false\">2024<\/div>\n\t\t\t\t\t\t\t\t\t<div id=\"elementor-tab-title-2492\" class=\"elementor-tab-title elementor-tab-desktop-title\" aria-selected=\"false\" data-tab=\"2\" role=\"tab\" tabindex=\"-1\" aria-controls=\"elementor-tab-content-2492\" aria-expanded=\"false\">2023<\/div>\n\t\t\t\t\t\t\t\t\t<div id=\"elementor-tab-title-2493\" class=\"elementor-tab-title elementor-tab-desktop-title\" aria-selected=\"false\" data-tab=\"3\" role=\"tab\" tabindex=\"-1\" aria-controls=\"elementor-tab-content-2493\" aria-expanded=\"false\">2022<\/div>\n\t\t\t\t\t\t\t\t\t<div id=\"elementor-tab-title-2494\" class=\"elementor-tab-title elementor-tab-desktop-title\" aria-selected=\"false\" data-tab=\"4\" role=\"tab\" tabindex=\"-1\" aria-controls=\"elementor-tab-content-2494\" aria-expanded=\"false\">2021<\/div>\n\t\t\t\t\t\t\t\t\t<div id=\"elementor-tab-title-2495\" class=\"elementor-tab-title elementor-tab-desktop-title\" aria-selected=\"false\" data-tab=\"5\" role=\"tab\" tabindex=\"-1\" aria-controls=\"elementor-tab-content-2495\" aria-expanded=\"false\">2020<\/div>\n\t\t\t\t\t\t\t\t\t<div id=\"elementor-tab-title-2496\" class=\"elementor-tab-title elementor-tab-desktop-title\" aria-selected=\"false\" data-tab=\"6\" role=\"tab\" tabindex=\"-1\" aria-controls=\"elementor-tab-content-2496\" aria-expanded=\"false\">2019<\/div>\n\t\t\t\t\t\t\t\t\t<div id=\"elementor-tab-title-2497\" class=\"elementor-tab-title elementor-tab-desktop-title\" aria-selected=\"false\" data-tab=\"7\" role=\"tab\" tabindex=\"-1\" aria-controls=\"elementor-tab-content-2497\" aria-expanded=\"false\">2018<\/div>\n\t\t\t\t\t\t\t\t\t<div id=\"elementor-tab-title-2498\" class=\"elementor-tab-title elementor-tab-desktop-title\" aria-selected=\"false\" data-tab=\"8\" role=\"tab\" tabindex=\"-1\" aria-controls=\"elementor-tab-content-2498\" aria-expanded=\"false\">2017<\/div>\n\t\t\t\t\t\t\t\t\t<div id=\"elementor-tab-title-2499\" class=\"elementor-tab-title elementor-tab-desktop-title\" aria-selected=\"false\" data-tab=\"9\" role=\"tab\" tabindex=\"-1\" aria-controls=\"elementor-tab-content-2499\" aria-expanded=\"false\">2016<\/div>\n\t\t\t\t\t\t\t\t\t<div id=\"elementor-tab-title-24910\" class=\"elementor-tab-title elementor-tab-desktop-title\" aria-selected=\"false\" data-tab=\"10\" role=\"tab\" tabindex=\"-1\" aria-controls=\"elementor-tab-content-24910\" aria-expanded=\"false\">2015<\/div>\n\t\t\t\t\t\t\t<\/div>\n\t\t\t<div class=\"elementor-tabs-content-wrapper\" role=\"tablist\" aria-orientation=\"vertical\">\n\t\t\t\t\t\t\t\t\t<div class=\"elementor-tab-title elementor-tab-mobile-title\" aria-selected=\"true\" data-tab=\"1\" role=\"tab\" tabindex=\"0\" aria-controls=\"elementor-tab-content-2491\" aria-expanded=\"false\">2024<\/div>\n\t\t\t\t\t<div id=\"elementor-tab-content-2491\" class=\"elementor-tab-content elementor-clearfix\" data-tab=\"1\" role=\"tabpanel\" aria-labelledby=\"elementor-tab-title-2491\" tabindex=\"0\" hidden=\"false\"><ul><li><a href=\"https:\/\/www.mcjb.org.br\/institucional\/wp-content\/uploads\/2025\/04\/ASSINADO_-Balanco-Patrimonial-2024.pdf\" target=\"_blank\" rel=\"noopener\">Balan\u00e7o Patrimonial<\/a><\/li><li><a href=\"https:\/\/www.mcjb.org.br\/institucional\/wp-content\/uploads\/2025\/04\/ASSINADO_-Balancete-Analitico-por-Periodo-01-01-2024-a-31-12-2024.pdf\" target=\"_blank\" rel=\"noopener\">Balancete Anal\u00edtico<\/a><\/li><li><a href=\"https:\/\/www.mcjb.org.br\/institucional\/wp-content\/uploads\/2025\/04\/ASSINADO_-Demonstracao-de-Superavit-ou-Deficit-2024.pdf\" target=\"_blank\" rel=\"noopener\">DRE<\/a><\/li><\/ul><\/div>\n\t\t\t\t\t\t\t\t\t<div class=\"elementor-tab-title elementor-tab-mobile-title\" aria-selected=\"false\" data-tab=\"2\" role=\"tab\" tabindex=\"-1\" aria-controls=\"elementor-tab-content-2492\" aria-expanded=\"false\">2023<\/div>\n\t\t\t\t\t<div id=\"elementor-tab-content-2492\" class=\"elementor-tab-content elementor-clearfix\" data-tab=\"2\" role=\"tabpanel\" aria-labelledby=\"elementor-tab-title-2492\" tabindex=\"0\" hidden=\"hidden\"><ul><li><a href=\"https:\/\/www.mcjb.org.br\/institucional\/wp-content\/uploads\/2024\/03\/Balanco_Patrimonial_-_2023_4.pdf\" target=\"_blank\" rel=\"noopener\">Balan\u00e7o Patrimonial<\/a><\/li><li><a href=\"https:\/\/www.mcjb.org.br\/institucional\/wp-content\/uploads\/2024\/03\/Balancete_Analitico_por_Periodo_-_01012023_a_31122023_5.pdf\" target=\"_blank\" rel=\"noopener\">Balancete Anal\u00edtico<\/a><\/li><li><a href=\"https:\/\/www.mcjb.org.br\/institucional\/wp-content\/uploads\/2024\/03\/Demonstracao_do_Superavit_ou_Deficit_-_2023_1_1.pdf\" target=\"_blank\" rel=\"noopener\">DRE<\/a><\/li><\/ul><\/div>\n\t\t\t\t\t\t\t\t\t<div class=\"elementor-tab-title elementor-tab-mobile-title\" aria-selected=\"false\" data-tab=\"3\" role=\"tab\" tabindex=\"-1\" aria-controls=\"elementor-tab-content-2493\" aria-expanded=\"false\">2022<\/div>\n\t\t\t\t\t<div id=\"elementor-tab-content-2493\" class=\"elementor-tab-content elementor-clearfix\" data-tab=\"3\" role=\"tabpanel\" aria-labelledby=\"elementor-tab-title-2493\" tabindex=\"0\" hidden=\"hidden\"><ul><li><a href=\"https:\/\/www.mcjb.org.br\/institucional\/wp-content\/uploads\/2025\/03\/B.P-2022-1.pdf\" target=\"_blank\" rel=\"noopener\">Balan\u00e7o Patrimonial<\/a><\/li><li><a href=\"https:\/\/www.mcjb.org.br\/institucional\/wp-content\/uploads\/2025\/03\/Balancete-2022-1.pdf\" target=\"_blank\" rel=\"noopener\">Balancete Anal\u00edtico<\/a><\/li><li><a href=\"https:\/\/www.mcjb.org.br\/institucional\/wp-content\/uploads\/2025\/03\/DRE-2022-1.pdf\" target=\"_blank\" rel=\"noopener\">DRE<\/a><\/li><\/ul><\/div>\n\t\t\t\t\t\t\t\t\t<div class=\"elementor-tab-title elementor-tab-mobile-title\" aria-selected=\"false\" data-tab=\"4\" role=\"tab\" tabindex=\"-1\" aria-controls=\"elementor-tab-content-2494\" aria-expanded=\"false\">2021<\/div>\n\t\t\t\t\t<div id=\"elementor-tab-content-2494\" class=\"elementor-tab-content elementor-clearfix\" data-tab=\"4\" role=\"tabpanel\" aria-labelledby=\"elementor-tab-title-2494\" tabindex=\"0\" hidden=\"hidden\"><ul><li><a href=\"https:\/\/www.mcjb.org.br\/institucional\/wp-content\/uploads\/2025\/03\/Balanco-Patrimonial-2021-ASSINADO-1.pdf\" target=\"_blank\" rel=\"noopener\">Balan\u00e7o Patrimonial<\/a><\/li><li><a href=\"https:\/\/www.mcjb.org.br\/institucional\/wp-content\/uploads\/2025\/03\/Balancete-Analitico-por-Periodo-01012021-a-31122021-ASSINADO-1.pdf\" target=\"_blank\" rel=\"noopener\">Balancete Anal\u00edtico<\/a><\/li><li><a href=\"https:\/\/www.mcjb.org.br\/institucional\/wp-content\/uploads\/2025\/03\/Demonstracao-do-Superavit-ou-Deficit-2021-ASSINADO-1.pdf\" target=\"_blank\" rel=\"noopener\">DRE<\/a><\/li><\/ul><\/div>\n\t\t\t\t\t\t\t\t\t<div class=\"elementor-tab-title elementor-tab-mobile-title\" aria-selected=\"false\" data-tab=\"5\" role=\"tab\" tabindex=\"-1\" aria-controls=\"elementor-tab-content-2495\" aria-expanded=\"false\">2020<\/div>\n\t\t\t\t\t<div id=\"elementor-tab-content-2495\" class=\"elementor-tab-content elementor-clearfix\" data-tab=\"5\" role=\"tabpanel\" aria-labelledby=\"elementor-tab-title-2495\" tabindex=\"0\" hidden=\"hidden\"><ul><li><a href=\"https:\/\/www.mcjb.org.br\/institucional\/wp-content\/uploads\/2025\/03\/Balanco-Patrimonial-2020-MCJB-1.pdf\" target=\"_blank\" rel=\"noopener\">Balan\u00e7o Patrimonial<\/a><\/li><li><a href=\"https:\/\/www.mcjb.org.br\/institucional\/wp-content\/uploads\/2025\/03\/Balancete-Analitico-Dezembro_2020.pdf\" target=\"_blank\" rel=\"noopener\">Balancete Anal\u00edtico<\/a><\/li><li><a href=\"https:\/\/www.mcjb.org.br\/institucional\/wp-content\/uploads\/2025\/03\/Demonstracao-do-Superavit-ou-Deficit-2020-MCJB-1.pdf\" target=\"_blank\" rel=\"noopener\">DRE<\/a><\/li><\/ul><\/div>\n\t\t\t\t\t\t\t\t\t<div class=\"elementor-tab-title elementor-tab-mobile-title\" aria-selected=\"false\" data-tab=\"6\" role=\"tab\" tabindex=\"-1\" aria-controls=\"elementor-tab-content-2496\" aria-expanded=\"false\">2019<\/div>\n\t\t\t\t\t<div id=\"elementor-tab-content-2496\" class=\"elementor-tab-content elementor-clearfix\" data-tab=\"6\" role=\"tabpanel\" aria-labelledby=\"elementor-tab-title-2496\" tabindex=\"0\" hidden=\"hidden\"><ul><li><a href=\"https:\/\/www.mcjb.org.br\/institucional\/wp-content\/uploads\/2020\/03\/Balanco_Patrimonial_2019.pdf\" target=\"_blank\" rel=\"noopener\">Balan\u00e7o Patrimonial<\/a><\/li><li><a href=\"https:\/\/www.mcjb.org.br\/institucional\/wp-content\/uploads\/2025\/03\/Balancete-Analitico-Dezembro2019.pdf\" target=\"_blank\" rel=\"noopener\">Balancete Anal\u00edtico<\/a><\/li><li><a href=\"https:\/\/www.mcjb.org.br\/institucional\/wp-content\/uploads\/2019\/03\/Demonstra\u00e7\u00e3o_Super\u00e1vit_ou_Defict_2018.pdf\" target=\"_blank\" rel=\"noopener\">DRE<\/a><\/li><\/ul><\/div>\n\t\t\t\t\t\t\t\t\t<div class=\"elementor-tab-title elementor-tab-mobile-title\" aria-selected=\"false\" data-tab=\"7\" role=\"tab\" tabindex=\"-1\" aria-controls=\"elementor-tab-content-2497\" aria-expanded=\"false\">2018<\/div>\n\t\t\t\t\t<div id=\"elementor-tab-content-2497\" class=\"elementor-tab-content elementor-clearfix\" data-tab=\"7\" role=\"tabpanel\" aria-labelledby=\"elementor-tab-title-2497\" tabindex=\"0\" hidden=\"hidden\"><ul><li><a href=\"https:\/\/www.mcjb.org.br\/institucional\/wp-content\/uploads\/2019\/03\/Balan\u00e7o_Patrimonial_2018.pdf\" target=\"_blank\" rel=\"noopener\">Balan\u00e7o Patrimonial<\/a><\/li><li><a href=\"https:\/\/www.mcjb.org.br\/institucional\/wp-content\/uploads\/2025\/03\/Balanco_Analitico_2018.pdf\" target=\"_blank\" rel=\"noopener\">Balancete Anal\u00edtico<\/a><\/li><li><a href=\"https:\/\/www.mcjb.org.br\/institucional\/wp-content\/uploads\/2019\/03\/Demonstra\u00e7\u00e3o_Super\u00e1vit_ou_Defict_2018.pdf\" target=\"_blank\" rel=\"noopener\">DRE<\/a><\/li><\/ul><\/div>\n\t\t\t\t\t\t\t\t\t<div class=\"elementor-tab-title elementor-tab-mobile-title\" aria-selected=\"false\" data-tab=\"8\" role=\"tab\" tabindex=\"-1\" aria-controls=\"elementor-tab-content-2498\" aria-expanded=\"false\">2017<\/div>\n\t\t\t\t\t<div id=\"elementor-tab-content-2498\" class=\"elementor-tab-content elementor-clearfix\" data-tab=\"8\" role=\"tabpanel\" aria-labelledby=\"elementor-tab-title-2498\" tabindex=\"0\" hidden=\"hidden\"><ul><li><a href=\"https:\/\/www.mcjb.org.br\/institucional\/wp-content\/uploads\/2018\/03\/Balan\u00e7o-Patrimonial-2017.pdf\" target=\"_blank\" rel=\"noopener\">Balan\u00e7o Patrimonial<\/a><\/li><li><a href=\"https:\/\/www.mcjb.org.br\/institucional\/wp-content\/uploads\/2025\/03\/Demonstracao-do-Superavit-ou-Deficit-Maio2017-MCJB.pdf\" target=\"_blank\" rel=\"noopener\">DRE<\/a><\/li><\/ul><\/div>\n\t\t\t\t\t\t\t\t\t<div class=\"elementor-tab-title elementor-tab-mobile-title\" aria-selected=\"false\" data-tab=\"9\" role=\"tab\" tabindex=\"-1\" aria-controls=\"elementor-tab-content-2499\" aria-expanded=\"false\">2016<\/div>\n\t\t\t\t\t<div id=\"elementor-tab-content-2499\" class=\"elementor-tab-content elementor-clearfix\" data-tab=\"9\" role=\"tabpanel\" aria-labelledby=\"elementor-tab-title-2499\" tabindex=\"0\" hidden=\"hidden\"><ul><li><a href=\"https:\/\/www.mcjb.org.br\/institucional\/wp-content\/uploads\/2025\/03\/Balanco-Patrimonial-2016.pdf\" target=\"_blank\" rel=\"noopener\">Balan\u00e7o Patrimonial<\/a><\/li><li><a href=\"https:\/\/www.mcjb.org.br\/institucional\/wp-content\/uploads\/2025\/03\/Balancete-Analitico-Dezembro2016.pdf\" target=\"_blank\" rel=\"noopener\">Balancete Anal\u00edtico<\/a><\/li><li><a href=\"https:\/\/www.mcjb.org.br\/institucional\/wp-content\/uploads\/2025\/03\/Demonstracao-do-Superavit-ou-Deficit-2016.pdf\" target=\"_blank\" rel=\"noopener\">DRE<\/a><\/li><\/ul><\/div>\n\t\t\t\t\t\t\t\t\t<div class=\"elementor-tab-title elementor-tab-mobile-title\" aria-selected=\"false\" data-tab=\"10\" role=\"tab\" tabindex=\"-1\" aria-controls=\"elementor-tab-content-24910\" aria-expanded=\"false\">2015<\/div>\n\t\t\t\t\t<div id=\"elementor-tab-content-24910\" class=\"elementor-tab-content elementor-clearfix\" data-tab=\"10\" role=\"tabpanel\" aria-labelledby=\"elementor-tab-title-24910\" tabindex=\"0\" hidden=\"hidden\"><ul><li><a href=\"https:\/\/www.mcjb.org.br\/institucional\/wp-content\/uploads\/2025\/03\/Balanco-Patrimonial-2015.pdf\" target=\"_blank\" rel=\"noopener\">Balan\u00e7o Patrimonial<\/a><\/li><li><a href=\"https:\/\/www.mcjb.org.br\/institucional\/wp-content\/uploads\/2025\/03\/Balancete-Analitico-por-Periodo-01_12_2015-a-31_12_2015.pdf\" target=\"_blank\" rel=\"noopener\">Balancete Anal\u00edtico<\/a><\/li><li><a href=\"https:\/\/www.mcjb.org.br\/institucional\/wp-content\/uploads\/2025\/03\/Demonstracao-do-Superavit-ou-Deficit-2015.pdf\" target=\"_blank\" rel=\"noopener\">DRE<\/a><\/li><\/ul><\/div>\n\t\t\t\t\t\t\t<\/div>\n\t\t<\/div>\n\t\t\t\t\t\t<\/div>\n\t\t\t\t<\/div>\n\t\t\t\t\t<\/div>\n\t\t<\/div>\n\t\t\t\t\t<\/div>\n\t\t<\/section>\n\t\t\t\t<\/div>\n\t\t","protected":false},"excerpt":{"rendered":"<p>BALAN\u00c7OS E DEMONSTRA\u00c7\u00d5ES Nesta se\u00e7\u00e3o, voc\u00ea encontra os balan\u00e7os patrimoniais, demonstra\u00e7\u00f5es de resultado, relat\u00f3rios de receitas e despesas, al\u00e9m dos documentos cont\u00e1beis que asseguram a correta<span class=\"excerpt-hellip\"> [\u2026]<\/span><\/p>\n","protected":false},"author":2,"featured_media":4499,"parent":0,"menu_order":0,"comment_status":"closed","ping_status":"closed","template":"","meta":{"footnotes":""},"class_list":["post-4463","page","type-page","status-publish","has-post-thumbnail","hentry"],"_links":{"self":[{"href":"https:\/\/www.mcjb.org.br\/institucional\/wp-json\/wp\/v2\/pages\/4463","targetHints":{"allow":["GET"]}}],"collection":[{"href":"https:\/\/www.mcjb.org.br\/institucional\/wp-json\/wp\/v2\/pages"}],"about":[{"href":"https:\/\/www.mcjb.org.br\/institucional\/wp-json\/wp\/v2\/types\/page"}],"author":[{"embeddable":true,"href":"https:\/\/www.mcjb.org.br\/institucional\/wp-json\/wp\/v2\/users\/2"}],"replies":[{"embeddable":true,"href":"https:\/\/www.mcjb.org.br\/institucional\/wp-json\/wp\/v2\/comments?post=4463"}],"version-history":[{"count":73,"href":"https:\/\/www.mcjb.org.br\/institucional\/wp-json\/wp\/v2\/pages\/4463\/revisions"}],"predecessor-version":[{"id":12293,"href":"https:\/\/www.mcjb.org.br\/institucional\/wp-json\/wp\/v2\/pages\/4463\/revisions\/12293"}],"wp:featuredmedia":[{"embeddable":true,"href":"https:\/\/www.mcjb.org.br\/institucional\/wp-json\/wp\/v2\/media\/4499"}],"wp:attachment":[{"href":"https:\/\/www.mcjb.org.br\/institucional\/wp-json\/wp\/v2\/media?parent=4463"}],"curies":[{"name":"wp","href":"https:\/\/api.w.org\/{rel}","templated":true}]}}